{"id":199,"date":"2025-10-21T21:45:01","date_gmt":"2025-10-21T21:45:01","guid":{"rendered":"https:\/\/bajaessences.com\/wordpress\/?post_type=product&#038;p=199"},"modified":"2026-02-26T01:19:57","modified_gmt":"2026-02-26T01:19:57","slug":"aceite-esencial-de-agave-baja-essences-15ml","status":"publish","type":"product","link":"https:\/\/bajaessences.com\/wordpress\/index.php\/producto\/aceite-esencial-de-agave-baja-essences-15ml\/","title":{"rendered":"Aceite Esencial de AGAVE Baja Essences 15ML"},"content":{"rendered":"<p>El Aceite Esencial de Agave es un excelente regenerador de la piel, mitigando el envejecimiento prematuro de la misma, es utilizado como antis\u00e9ptico o desinfectante en la piel sobre heridas o quemaduras, es un calmante natural.<\/p>\n<p>El Agave despu\u00e9s de su proceso de destilaci\u00f3n en aceite esencial de agave presenta terpenos como el limoneno, a-terpineol y a-terpineno entre otros, que lo hacen excelente para la piel como antioxidante y desinfectante.<\/p>\n<p>El poderoso aroma herbal del Aceite Esencial de Agave Baja Essences es perfecto para a\u00f1adir un toque elegante y diferente a cualquier espacio contempor\u00e1neo.<\/p>\n<p>ADVERTENCIAS: No ingerir ni aplicar directamente sobre la piel, diluir previamente en un aceite vehicular neutro o de almendras. Evitar el contacto con los ojos y mucosas. Mantenerse alejado del alcance de los ni\u00f1os. En caso de hipersensibilidad o irritaci\u00f3n, dejar de utilizar inmediatamente.<\/p>\n","protected":false},"excerpt":{"rendered":"<p>El Aceite Esencial de Agave es un excelente regenerador de la piel, mitigando el envejecimiento prematuro de la misma, es utilizado como antis\u00e9ptico o desinfectante en la piel sobre heridas o quemaduras, es un calmante natural. El Agave despu\u00e9s de su proceso de destilaci\u00f3n en aceite esencial de agave presenta terpenos como el limoneno, a-terpineol [&hellip;]<\/p>\n","protected":false},"featured_media":200,"comment_status":"open","ping_status":"closed","template":"","meta":[],"product_brand":[29],"product_cat":[28,19],"product_tag":[138,139,49],"class_list":{"0":"post-199","1":"product","2":"type-product","3":"status-publish","4":"has-post-thumbnail","6":"product_brand-baja-essences-aromaterapia","7":"product_cat-aceites-esenciales-herbales","8":"product_cat-aromaterapia","9":"product_tag-aceite-esencial-de-agave","10":"product_tag-aroma-herbal","11":"product_tag-relajante","13":"first","14":"instock","15":"sale","16":"taxable","17":"shipping-taxable","18":"purchasable","19":"product-type-simple"},"yoast_head":"<!-- This site is optimized with the Yoast SEO plugin v27.3 - https:\/\/yoast.com\/product\/yoast-seo-wordpress\/ -->\n<title>Aceitenlo Esencial de Agave Baja Essences 15 ml<\/title>\n<meta name=\"description\" content=\"El Aceitenlo Esencial de Agave Baja Essences es un gran relajante natural, su poderoso y elegante olor herbal es perfecto para el hogar.\" \/>\n<meta name=\"robots\" content=\"index, follow, max-snippet:-1, max-image-preview:large, max-video-preview:-1\" \/>\n<link rel=\"canonical\" href=\"https:\/\/bajaessences.com\/wordpress\/index.php\/producto\/aceite-esencial-de-agave-baja-essences-15ml\/\" \/>\n<meta property=\"og:locale\" content=\"es_MX\" \/>\n<meta property=\"og:type\" content=\"article\" \/>\n<meta property=\"og:title\" content=\"Aceitenlo Esencial de Agave Baja Essences 15 ml\" \/>\n<meta property=\"og:description\" content=\"El Aceitenlo Esencial de Agave Baja Essences es un gran relajante natural, su poderoso y elegante olor herbal es perfecto para el hogar.\" \/>\n<meta property=\"og:url\" content=\"https:\/\/bajaessences.com\/wordpress\/index.php\/producto\/aceite-esencial-de-agave-baja-essences-15ml\/\" \/>\n<meta property=\"article:modified_time\" content=\"2026-02-26T01:19:57+00:00\" \/>\n<meta property=\"og:image\" content=\"https:\/\/bajaessences.com\/wordpress\/wp-content\/uploads\/2025\/10\/D_NQ_NP_2X_628567-MLM49425503308_032022-F.webp\" \/>\n\t<meta property=\"og:image:width\" content=\"940\" \/>\n\t<meta property=\"og:image:height\" content=\"788\" \/>\n\t<meta property=\"og:image:type\" content=\"image\/webp\" \/>\n<meta name=\"twitter:card\" content=\"summary_large_image\" \/>\n<meta name=\"twitter:label1\" content=\"Tiempo de lectura\" \/>\n\t<meta name=\"twitter:data1\" content=\"1 minuto\" \/>\n<script type=\"application\/ld+json\" class=\"yoast-schema-graph\">{\"@context\":\"https:\\\/\\\/schema.org\",\"@graph\":[{\"@type\":\"WebPage\",\"@id\":\"https:\\\/\\\/bajaessences.com\\\/wordpress\\\/index.php\\\/producto\\\/aceite-esencial-de-agave-baja-essences-15ml\\\/\",\"url\":\"https:\\\/\\\/bajaessences.com\\\/wordpress\\\/index.php\\\/producto\\\/aceite-esencial-de-agave-baja-essences-15ml\\\/\",\"name\":\"Aceitenlo Esencial de Agave Baja Essences 15 ml\",\"isPartOf\":{\"@id\":\"https:\\\/\\\/bajaessences.com\\\/wordpress\\\/#website\"},\"primaryImageOfPage\":{\"@id\":\"https:\\\/\\\/bajaessences.com\\\/wordpress\\\/index.php\\\/producto\\\/aceite-esencial-de-agave-baja-essences-15ml\\\/#primaryimage\"},\"image\":{\"@id\":\"https:\\\/\\\/bajaessences.com\\\/wordpress\\\/index.php\\\/producto\\\/aceite-esencial-de-agave-baja-essences-15ml\\\/#primaryimage\"},\"thumbnailUrl\":\"https:\\\/\\\/bajaessences.com\\\/wordpress\\\/wp-content\\\/uploads\\\/2025\\\/10\\\/D_NQ_NP_2X_628567-MLM49425503308_032022-F.webp\",\"datePublished\":\"2025-10-21T21:45:01+00:00\",\"dateModified\":\"2026-02-26T01:19:57+00:00\",\"description\":\"El Aceitenlo Esencial de Agave Baja Essences es un gran relajante natural, su poderoso y elegante olor herbal es perfecto para el hogar.\",\"breadcrumb\":{\"@id\":\"https:\\\/\\\/bajaessences.com\\\/wordpress\\\/index.php\\\/producto\\\/aceite-esencial-de-agave-baja-essences-15ml\\\/#breadcrumb\"},\"inLanguage\":\"es\",\"potentialAction\":[{\"@type\":\"ReadAction\",\"target\":[\"https:\\\/\\\/bajaessences.com\\\/wordpress\\\/index.php\\\/producto\\\/aceite-esencial-de-agave-baja-essences-15ml\\\/\"]}]},{\"@type\":\"ImageObject\",\"inLanguage\":\"es\",\"@id\":\"https:\\\/\\\/bajaessences.com\\\/wordpress\\\/index.php\\\/producto\\\/aceite-esencial-de-agave-baja-essences-15ml\\\/#primaryimage\",\"url\":\"https:\\\/\\\/bajaessences.com\\\/wordpress\\\/wp-content\\\/uploads\\\/2025\\\/10\\\/D_NQ_NP_2X_628567-MLM49425503308_032022-F.webp\",\"contentUrl\":\"https:\\\/\\\/bajaessences.com\\\/wordpress\\\/wp-content\\\/uploads\\\/2025\\\/10\\\/D_NQ_NP_2X_628567-MLM49425503308_032022-F.webp\",\"width\":940,\"height\":788,\"caption\":\"Aceite Esencial de Agave Baja Essences\"},{\"@type\":\"BreadcrumbList\",\"@id\":\"https:\\\/\\\/bajaessences.com\\\/wordpress\\\/index.php\\\/producto\\\/aceite-esencial-de-agave-baja-essences-15ml\\\/#breadcrumb\",\"itemListElement\":[{\"@type\":\"ListItem\",\"position\":1,\"name\":\"Inicio\",\"item\":\"https:\\\/\\\/bajaessences.com\\\/wordpress\\\/\"},{\"@type\":\"ListItem\",\"position\":2,\"name\":\"Tienda en L\u00ednea\",\"item\":\"https:\\\/\\\/bajaessences.com\\\/wordpress\\\/index.php\\\/baja-essences-aromaterapia-tienda-en-linea\\\/\"},{\"@type\":\"ListItem\",\"position\":3,\"name\":\"Aceite Esencial de AGAVE Baja Essences 15ML\"}]},{\"@type\":\"WebSite\",\"@id\":\"https:\\\/\\\/bajaessences.com\\\/wordpress\\\/#website\",\"url\":\"https:\\\/\\\/bajaessences.com\\\/wordpress\\\/\",\"name\":\"\",\"description\":\"EXPERTOS EN AROMATERAPIA Y PRODUCTOS PARA SPA\",\"potentialAction\":[{\"@type\":\"SearchAction\",\"target\":{\"@type\":\"EntryPoint\",\"urlTemplate\":\"https:\\\/\\\/bajaessences.com\\\/wordpress\\\/?s={search_term_string}\"},\"query-input\":{\"@type\":\"PropertyValueSpecification\",\"valueRequired\":true,\"valueName\":\"search_term_string\"}}],\"inLanguage\":\"es\"}]}<\/script>\n<!-- \/ Yoast SEO plugin. -->","yoast_head_json":{"title":"Aceitenlo Esencial de Agave Baja Essences 15 ml","description":"El Aceitenlo Esencial de Agave Baja Essences es un gran relajante natural, su poderoso y elegante olor herbal es perfecto para el hogar.","robots":{"index":"index","follow":"follow","max-snippet":"max-snippet:-1","max-image-preview":"max-image-preview:large","max-video-preview":"max-video-preview:-1"},"canonical":"https:\/\/bajaessences.com\/wordpress\/index.php\/producto\/aceite-esencial-de-agave-baja-essences-15ml\/","og_locale":"es_MX","og_type":"article","og_title":"Aceitenlo Esencial de Agave Baja Essences 15 ml","og_description":"El Aceitenlo Esencial de Agave Baja Essences es un gran relajante natural, su poderoso y elegante olor herbal es perfecto para el hogar.","og_url":"https:\/\/bajaessences.com\/wordpress\/index.php\/producto\/aceite-esencial-de-agave-baja-essences-15ml\/","article_modified_time":"2026-02-26T01:19:57+00:00","og_image":[{"width":940,"height":788,"url":"https:\/\/bajaessences.com\/wordpress\/wp-content\/uploads\/2025\/10\/D_NQ_NP_2X_628567-MLM49425503308_032022-F.webp","type":"image\/webp"}],"twitter_card":"summary_large_image","twitter_misc":{"Tiempo de lectura":"1 minuto"},"schema":{"@context":"https:\/\/schema.org","@graph":[{"@type":"WebPage","@id":"https:\/\/bajaessences.com\/wordpress\/index.php\/producto\/aceite-esencial-de-agave-baja-essences-15ml\/","url":"https:\/\/bajaessences.com\/wordpress\/index.php\/producto\/aceite-esencial-de-agave-baja-essences-15ml\/","name":"Aceitenlo Esencial de Agave Baja Essences 15 ml","isPartOf":{"@id":"https:\/\/bajaessences.com\/wordpress\/#website"},"primaryImageOfPage":{"@id":"https:\/\/bajaessences.com\/wordpress\/index.php\/producto\/aceite-esencial-de-agave-baja-essences-15ml\/#primaryimage"},"image":{"@id":"https:\/\/bajaessences.com\/wordpress\/index.php\/producto\/aceite-esencial-de-agave-baja-essences-15ml\/#primaryimage"},"thumbnailUrl":"https:\/\/bajaessences.com\/wordpress\/wp-content\/uploads\/2025\/10\/D_NQ_NP_2X_628567-MLM49425503308_032022-F.webp","datePublished":"2025-10-21T21:45:01+00:00","dateModified":"2026-02-26T01:19:57+00:00","description":"El Aceitenlo Esencial de Agave Baja Essences es un gran relajante natural, su poderoso y elegante olor herbal es perfecto para el hogar.","breadcrumb":{"@id":"https:\/\/bajaessences.com\/wordpress\/index.php\/producto\/aceite-esencial-de-agave-baja-essences-15ml\/#breadcrumb"},"inLanguage":"es","potentialAction":[{"@type":"ReadAction","target":["https:\/\/bajaessences.com\/wordpress\/index.php\/producto\/aceite-esencial-de-agave-baja-essences-15ml\/"]}]},{"@type":"ImageObject","inLanguage":"es","@id":"https:\/\/bajaessences.com\/wordpress\/index.php\/producto\/aceite-esencial-de-agave-baja-essences-15ml\/#primaryimage","url":"https:\/\/bajaessences.com\/wordpress\/wp-content\/uploads\/2025\/10\/D_NQ_NP_2X_628567-MLM49425503308_032022-F.webp","contentUrl":"https:\/\/bajaessences.com\/wordpress\/wp-content\/uploads\/2025\/10\/D_NQ_NP_2X_628567-MLM49425503308_032022-F.webp","width":940,"height":788,"caption":"Aceite Esencial de Agave Baja Essences"},{"@type":"BreadcrumbList","@id":"https:\/\/bajaessences.com\/wordpress\/index.php\/producto\/aceite-esencial-de-agave-baja-essences-15ml\/#breadcrumb","itemListElement":[{"@type":"ListItem","position":1,"name":"Inicio","item":"https:\/\/bajaessences.com\/wordpress\/"},{"@type":"ListItem","position":2,"name":"Tienda en L\u00ednea","item":"https:\/\/bajaessences.com\/wordpress\/index.php\/baja-essences-aromaterapia-tienda-en-linea\/"},{"@type":"ListItem","position":3,"name":"Aceite Esencial de AGAVE Baja Essences 15ML"}]},{"@type":"WebSite","@id":"https:\/\/bajaessences.com\/wordpress\/#website","url":"https:\/\/bajaessences.com\/wordpress\/","name":"","description":"EXPERTOS EN AROMATERAPIA Y PRODUCTOS PARA SPA","potentialAction":[{"@type":"SearchAction","target":{"@type":"EntryPoint","urlTemplate":"https:\/\/bajaessences.com\/wordpress\/?s={search_term_string}"},"query-input":{"@type":"PropertyValueSpecification","valueRequired":true,"valueName":"search_term_string"}}],"inLanguage":"es"}]}},"jetpack_sharing_enabled":true,"_links":{"self":[{"href":"https:\/\/bajaessences.com\/wordpress\/index.php\/wp-json\/wp\/v2\/product\/199","targetHints":{"allow":["GET"]}}],"collection":[{"href":"https:\/\/bajaessences.com\/wordpress\/index.php\/wp-json\/wp\/v2\/product"}],"about":[{"href":"https:\/\/bajaessences.com\/wordpress\/index.php\/wp-json\/wp\/v2\/types\/product"}],"replies":[{"embeddable":true,"href":"https:\/\/bajaessences.com\/wordpress\/index.php\/wp-json\/wp\/v2\/comments?post=199"}],"wp:featuredmedia":[{"embeddable":true,"href":"https:\/\/bajaessences.com\/wordpress\/index.php\/wp-json\/wp\/v2\/media\/200"}],"wp:attachment":[{"href":"https:\/\/bajaessences.com\/wordpress\/index.php\/wp-json\/wp\/v2\/media?parent=199"}],"wp:term":[{"taxonomy":"product_brand","embeddable":true,"href":"https:\/\/bajaessences.com\/wordpress\/index.php\/wp-json\/wp\/v2\/product_brand?post=199"},{"taxonomy":"product_cat","embeddable":true,"href":"https:\/\/bajaessences.com\/wordpress\/index.php\/wp-json\/wp\/v2\/product_cat?post=199"},{"taxonomy":"product_tag","embeddable":true,"href":"https:\/\/bajaessences.com\/wordpress\/index.php\/wp-json\/wp\/v2\/product_tag?post=199"}],"curies":[{"name":"wp","href":"https:\/\/api.w.org\/{rel}","templated":true}]}}