{"id":338,"date":"2026-03-01T01:31:58","date_gmt":"2026-03-01T01:31:58","guid":{"rendered":"https:\/\/bajaessences.com\/wordpress\/?post_type=product&#038;p=338"},"modified":"2026-03-01T01:31:58","modified_gmt":"2026-03-01T01:31:58","slug":"aceite-esencial-de-cedro-baja-essences","status":"publish","type":"product","link":"https:\/\/bajaessences.com\/wordpress\/index.php\/producto\/aceite-esencial-de-cedro-baja-essences\/","title":{"rendered":"Aceite Esencial de CEDRO Baja Essences"},"content":{"rendered":"<p>Los\u00a0<b>Cedros<\/b>\u00a0(<b><i>Cedrus<\/i><\/b>) constituyen un g\u00e9nero de\u00a0<i>Con\u00edferas Pin\u00e1ceas<\/i>. Son \u00e1rboles de gran tama\u00f1o, de madera olorosa y copa c\u00f3nica o vertical, muy utilizados para ornamentaci\u00f3n de parques. El\u00a0<b>Cedro<\/b>\u00a0es el \u00e1rbol nacional del L\u00edbano y su silueta figura sobre la bandera de este pa\u00eds. El\u00a0<i>Aceite Esencial\u00a0<\/i>se extrae por destilaci\u00f3n al vapor de su madera. En su composici\u00f3n encontramos distintas sustancias que poseen numerosos valores medicinales<\/p>\n<p>Su aroma crea un ambiente relajante, sedante y equilibrador, que favorece la reflexi\u00f3n. Purifica el aire y facilita la respiraci\u00f3n profunda por lo que ayuda en casos de catarro y resfriados. Adem\u00e1s es mucol\u00edtico lo que le hace especialmente \u00fatil para las afecciones catarrales y casos de bronquitis cr\u00f3nica. Tambi\u00e9n se le atribuyen propiedades afrodis\u00edacas que pueden estar fundamentadas por la acci\u00f3n t\u00f3nica y estimulante que ejerce sobre el cuerpo entero, reduciendo al mismo tiempo el estr\u00e9s y la tensi\u00f3n.<\/p>\n<p>El\u00a0<b><i>Aceite Esencial de Cedro<\/i><\/b><i>\u00a0<\/i>es anti-seborreico, es muy \u00fatil para regularizar la segregaci\u00f3n seb\u00e1cea y reducir la inflamaci\u00f3n en la piel, posee propiedades antis\u00e9pticas que protegen al cuerpo de distintos g\u00e9rmenes, es anti-espasm\u00f3dico ya que alivia los espasmos de diversas enfermedades, incluyendo las v\u00edas respiratorias, los m\u00fasculos, los intestinos, los nervios y el coraz\u00f3n.<\/p>\n<p>Este aceite es un diur\u00e9tico natural, por lo que es muy beneficioso para tratar enfermedades como la hipertensi\u00f3n, la obesidad, la artritis, el reumatismo, la gota y las infecciones de las v\u00edas respiratorias, entre otras. Estimula la<b>\u00a0<\/b>micci\u00f3n, favoreciendo la eliminaci\u00f3n de toxinas, l\u00edquido excesivo en el cuerpo y grasa sobrante.<\/p>\n<p>Las personas enfermas de catarro o gripe pueden utilizar\u00a0<b><i>Aceite Esencial de<\/i><\/b><i> <\/i><b><i>Cedro<\/i><\/b><i>\u00a0<\/i>como expectorante pues elimina la flema y la infecci\u00f3n de los pulmones y las v\u00edas respiratorias en general, aliviando la congesti\u00f3n. Tambi\u00e9n reduce los dolores de cabeza y la irritaci\u00f3n de los ojos producida por esta condici\u00f3n, as\u00ed como ayuda a conciliar el sue\u00f1o<\/p>\n<p>Un valor muy importante de este aceite es que funciona como un sedante. Calma y relaja la mente, alivia la ansiedad y el estr\u00e9s. Por otra parte, puede ser usado para los pacientes que sufren de insomnio.<\/p>\n<p><b>COMPONENTES PRINCIPALES:\u00a0<\/b>Cedrol, cadineno y otros sesquiterpenos y varios hidrocarburos terp\u00e9nicos.<\/p>\n<p><b>ADVERTENCIAS:\u00a0<\/b><b>Est\u00e1 contraindicado en casos de embarazo, hipertensi\u00f3n, cardiopat\u00edas y epilepsia.\u00a0<\/b>No ingerir ni aplicar directamente sobre la piel, diluir previamente sobre una base de aceite vehicular neutro o de almendras. Evitar el contacto con los ojos y mucosas. Mantenerse alejado del alcance de los ni\u00f1os. En caso de hipersensibilidad o irritaci\u00f3n, dejar de utilizar inmediatamente.<\/p>\n<p><b>DERECHOS RESERVADOS DE INFORMACI\u00d3N. Esta informaci\u00f3n est\u00e1 protegida por Copywright y derechos de autor. Est\u00e1 prohibida su utilizaci\u00f3n sin la aprobaci\u00f3n expresa del autor\/propietario:\u00a0<\/b><b>Baja Essences<\/b><\/p>\n","protected":false},"excerpt":{"rendered":"<p>El Aceite Esencial de Cedro Baja Essences es una gran opci\u00f3n para usar en difusor ultras\u00f3nico para las personas que sufren de insomnio.<\/p>\n","protected":false},"featured_media":667,"comment_status":"open","ping_status":"closed","template":"","meta":[],"product_brand":[29],"product_cat":[28,19],"product_tag":[155,100,53],"class_list":{"0":"post-338","1":"product","2":"type-product","3":"status-publish","4":"has-post-thumbnail","6":"product_brand-baja-essences-aromaterapia","7":"product_cat-aceites-esenciales-herbales","8":"product_cat-aromaterapia","9":"product_tag-aceite-esencial-de-cedro","10":"product_tag-contra-insomnio","11":"product_tag-sedante","12":"product_shipping_class-envio-normal","14":"first","15":"instock","16":"taxable","17":"shipping-taxable","18":"purchasable","19":"product-type-simple"},"yoast_head":"<!-- This site is optimized with the Yoast SEO plugin v27.5 - https:\/\/yoast.com\/product\/yoast-seo-wordpress\/ -->\n<title>Aceite Esencial de Cedro Baja Essences<\/title>\n<meta name=\"description\" content=\"El Aceite Esencial de Cedro Baja Essences es una gran opci\u00f3n para usar en difusor ultras\u00f3nico para las personas que sufren de insomnio.\" \/>\n<meta name=\"robots\" content=\"index, follow, max-snippet:-1, max-image-preview:large, max-video-preview:-1\" \/>\n<link rel=\"canonical\" href=\"https:\/\/bajaessences.com\/wordpress\/index.php\/producto\/aceite-esencial-de-cedro-baja-essences\/\" \/>\n<meta property=\"og:locale\" content=\"es_MX\" \/>\n<meta property=\"og:type\" content=\"article\" \/>\n<meta property=\"og:title\" content=\"Aceite Esencial de Cedro Baja Essences\" \/>\n<meta property=\"og:description\" content=\"El Aceite Esencial de Cedro Baja Essences es una gran opci\u00f3n para usar en difusor ultras\u00f3nico para las personas que sufren de insomnio.\" \/>\n<meta property=\"og:url\" content=\"https:\/\/bajaessences.com\/wordpress\/index.php\/producto\/aceite-esencial-de-cedro-baja-essences\/\" \/>\n<meta property=\"og:image\" content=\"https:\/\/bajaessences.com\/wordpress\/wp-content\/uploads\/2026\/03\/D_NQ_NP_2X_784349-MLM76421433467_052024-F.webp\" \/>\n\t<meta property=\"og:image:width\" content=\"940\" \/>\n\t<meta property=\"og:image:height\" content=\"788\" \/>\n\t<meta property=\"og:image:type\" content=\"image\/webp\" \/>\n<meta name=\"twitter:card\" content=\"summary_large_image\" \/>\n<meta name=\"twitter:label1\" content=\"Tiempo de lectura\" \/>\n\t<meta name=\"twitter:data1\" content=\"3 minutos\" \/>\n<script type=\"application\/ld+json\" class=\"yoast-schema-graph\">{\"@context\":\"https:\\\/\\\/schema.org\",\"@graph\":[{\"@type\":\"WebPage\",\"@id\":\"https:\\\/\\\/bajaessences.com\\\/wordpress\\\/index.php\\\/producto\\\/aceite-esencial-de-cedro-baja-essences\\\/\",\"url\":\"https:\\\/\\\/bajaessences.com\\\/wordpress\\\/index.php\\\/producto\\\/aceite-esencial-de-cedro-baja-essences\\\/\",\"name\":\"Aceite Esencial de Cedro Baja Essences\",\"isPartOf\":{\"@id\":\"https:\\\/\\\/bajaessences.com\\\/wordpress\\\/#website\"},\"primaryImageOfPage\":{\"@id\":\"https:\\\/\\\/bajaessences.com\\\/wordpress\\\/index.php\\\/producto\\\/aceite-esencial-de-cedro-baja-essences\\\/#primaryimage\"},\"image\":{\"@id\":\"https:\\\/\\\/bajaessences.com\\\/wordpress\\\/index.php\\\/producto\\\/aceite-esencial-de-cedro-baja-essences\\\/#primaryimage\"},\"thumbnailUrl\":\"https:\\\/\\\/bajaessences.com\\\/wordpress\\\/wp-content\\\/uploads\\\/2026\\\/03\\\/D_NQ_NP_2X_784349-MLM76421433467_052024-F.webp\",\"datePublished\":\"2026-03-01T01:31:58+00:00\",\"description\":\"El Aceite Esencial de Cedro Baja Essences es una gran opci\u00f3n para usar en difusor ultras\u00f3nico para las personas que sufren de insomnio.\",\"breadcrumb\":{\"@id\":\"https:\\\/\\\/bajaessences.com\\\/wordpress\\\/index.php\\\/producto\\\/aceite-esencial-de-cedro-baja-essences\\\/#breadcrumb\"},\"inLanguage\":\"es\",\"potentialAction\":[{\"@type\":\"ReadAction\",\"target\":[\"https:\\\/\\\/bajaessences.com\\\/wordpress\\\/index.php\\\/producto\\\/aceite-esencial-de-cedro-baja-essences\\\/\"]}]},{\"@type\":\"ImageObject\",\"inLanguage\":\"es\",\"@id\":\"https:\\\/\\\/bajaessences.com\\\/wordpress\\\/index.php\\\/producto\\\/aceite-esencial-de-cedro-baja-essences\\\/#primaryimage\",\"url\":\"https:\\\/\\\/bajaessences.com\\\/wordpress\\\/wp-content\\\/uploads\\\/2026\\\/03\\\/D_NQ_NP_2X_784349-MLM76421433467_052024-F.webp\",\"contentUrl\":\"https:\\\/\\\/bajaessences.com\\\/wordpress\\\/wp-content\\\/uploads\\\/2026\\\/03\\\/D_NQ_NP_2X_784349-MLM76421433467_052024-F.webp\",\"width\":940,\"height\":788,\"caption\":\"El Aceite Esencial de Cedro Baja Essences es una gran opci\u00f3n para usar en difusor ultras\u00f3nico\"},{\"@type\":\"BreadcrumbList\",\"@id\":\"https:\\\/\\\/bajaessences.com\\\/wordpress\\\/index.php\\\/producto\\\/aceite-esencial-de-cedro-baja-essences\\\/#breadcrumb\",\"itemListElement\":[{\"@type\":\"ListItem\",\"position\":1,\"name\":\"Inicio\",\"item\":\"https:\\\/\\\/bajaessences.com\\\/wordpress\\\/\"},{\"@type\":\"ListItem\",\"position\":2,\"name\":\"Tienda en L\u00ednea\",\"item\":\"https:\\\/\\\/bajaessences.com\\\/wordpress\\\/index.php\\\/baja-essences-aromaterapia-tienda-en-linea\\\/\"},{\"@type\":\"ListItem\",\"position\":3,\"name\":\"Aceite Esencial de CEDRO Baja Essences\"}]},{\"@type\":\"WebSite\",\"@id\":\"https:\\\/\\\/bajaessences.com\\\/wordpress\\\/#website\",\"url\":\"https:\\\/\\\/bajaessences.com\\\/wordpress\\\/\",\"name\":\"\",\"description\":\"EXPERTOS EN AROMATERAPIA Y PRODUCTOS PARA SPA\",\"potentialAction\":[{\"@type\":\"SearchAction\",\"target\":{\"@type\":\"EntryPoint\",\"urlTemplate\":\"https:\\\/\\\/bajaessences.com\\\/wordpress\\\/?s={search_term_string}\"},\"query-input\":{\"@type\":\"PropertyValueSpecification\",\"valueRequired\":true,\"valueName\":\"search_term_string\"}}],\"inLanguage\":\"es\"}]}<\/script>\n<!-- \/ Yoast SEO plugin. -->","yoast_head_json":{"title":"Aceite Esencial de Cedro Baja Essences","description":"El Aceite Esencial de Cedro Baja Essences es una gran opci\u00f3n para usar en difusor ultras\u00f3nico para las personas que sufren de insomnio.","robots":{"index":"index","follow":"follow","max-snippet":"max-snippet:-1","max-image-preview":"max-image-preview:large","max-video-preview":"max-video-preview:-1"},"canonical":"https:\/\/bajaessences.com\/wordpress\/index.php\/producto\/aceite-esencial-de-cedro-baja-essences\/","og_locale":"es_MX","og_type":"article","og_title":"Aceite Esencial de Cedro Baja Essences","og_description":"El Aceite Esencial de Cedro Baja Essences es una gran opci\u00f3n para usar en difusor ultras\u00f3nico para las personas que sufren de insomnio.","og_url":"https:\/\/bajaessences.com\/wordpress\/index.php\/producto\/aceite-esencial-de-cedro-baja-essences\/","og_image":[{"width":940,"height":788,"url":"https:\/\/bajaessences.com\/wordpress\/wp-content\/uploads\/2026\/03\/D_NQ_NP_2X_784349-MLM76421433467_052024-F.webp","type":"image\/webp"}],"twitter_card":"summary_large_image","twitter_misc":{"Tiempo de lectura":"3 minutos"},"schema":{"@context":"https:\/\/schema.org","@graph":[{"@type":"WebPage","@id":"https:\/\/bajaessences.com\/wordpress\/index.php\/producto\/aceite-esencial-de-cedro-baja-essences\/","url":"https:\/\/bajaessences.com\/wordpress\/index.php\/producto\/aceite-esencial-de-cedro-baja-essences\/","name":"Aceite Esencial de Cedro Baja Essences","isPartOf":{"@id":"https:\/\/bajaessences.com\/wordpress\/#website"},"primaryImageOfPage":{"@id":"https:\/\/bajaessences.com\/wordpress\/index.php\/producto\/aceite-esencial-de-cedro-baja-essences\/#primaryimage"},"image":{"@id":"https:\/\/bajaessences.com\/wordpress\/index.php\/producto\/aceite-esencial-de-cedro-baja-essences\/#primaryimage"},"thumbnailUrl":"https:\/\/bajaessences.com\/wordpress\/wp-content\/uploads\/2026\/03\/D_NQ_NP_2X_784349-MLM76421433467_052024-F.webp","datePublished":"2026-03-01T01:31:58+00:00","description":"El Aceite Esencial de Cedro Baja Essences es una gran opci\u00f3n para usar en difusor ultras\u00f3nico para las personas que sufren de insomnio.","breadcrumb":{"@id":"https:\/\/bajaessences.com\/wordpress\/index.php\/producto\/aceite-esencial-de-cedro-baja-essences\/#breadcrumb"},"inLanguage":"es","potentialAction":[{"@type":"ReadAction","target":["https:\/\/bajaessences.com\/wordpress\/index.php\/producto\/aceite-esencial-de-cedro-baja-essences\/"]}]},{"@type":"ImageObject","inLanguage":"es","@id":"https:\/\/bajaessences.com\/wordpress\/index.php\/producto\/aceite-esencial-de-cedro-baja-essences\/#primaryimage","url":"https:\/\/bajaessences.com\/wordpress\/wp-content\/uploads\/2026\/03\/D_NQ_NP_2X_784349-MLM76421433467_052024-F.webp","contentUrl":"https:\/\/bajaessences.com\/wordpress\/wp-content\/uploads\/2026\/03\/D_NQ_NP_2X_784349-MLM76421433467_052024-F.webp","width":940,"height":788,"caption":"El Aceite Esencial de Cedro Baja Essences es una gran opci\u00f3n para usar en difusor ultras\u00f3nico"},{"@type":"BreadcrumbList","@id":"https:\/\/bajaessences.com\/wordpress\/index.php\/producto\/aceite-esencial-de-cedro-baja-essences\/#breadcrumb","itemListElement":[{"@type":"ListItem","position":1,"name":"Inicio","item":"https:\/\/bajaessences.com\/wordpress\/"},{"@type":"ListItem","position":2,"name":"Tienda en L\u00ednea","item":"https:\/\/bajaessences.com\/wordpress\/index.php\/baja-essences-aromaterapia-tienda-en-linea\/"},{"@type":"ListItem","position":3,"name":"Aceite Esencial de CEDRO Baja Essences"}]},{"@type":"WebSite","@id":"https:\/\/bajaessences.com\/wordpress\/#website","url":"https:\/\/bajaessences.com\/wordpress\/","name":"","description":"EXPERTOS EN AROMATERAPIA Y PRODUCTOS PARA SPA","potentialAction":[{"@type":"SearchAction","target":{"@type":"EntryPoint","urlTemplate":"https:\/\/bajaessences.com\/wordpress\/?s={search_term_string}"},"query-input":{"@type":"PropertyValueSpecification","valueRequired":true,"valueName":"search_term_string"}}],"inLanguage":"es"}]}},"jetpack_sharing_enabled":true,"_links":{"self":[{"href":"https:\/\/bajaessences.com\/wordpress\/index.php\/wp-json\/wp\/v2\/product\/338","targetHints":{"allow":["GET"]}}],"collection":[{"href":"https:\/\/bajaessences.com\/wordpress\/index.php\/wp-json\/wp\/v2\/product"}],"about":[{"href":"https:\/\/bajaessences.com\/wordpress\/index.php\/wp-json\/wp\/v2\/types\/product"}],"replies":[{"embeddable":true,"href":"https:\/\/bajaessences.com\/wordpress\/index.php\/wp-json\/wp\/v2\/comments?post=338"}],"wp:featuredmedia":[{"embeddable":true,"href":"https:\/\/bajaessences.com\/wordpress\/index.php\/wp-json\/wp\/v2\/media\/667"}],"wp:attachment":[{"href":"https:\/\/bajaessences.com\/wordpress\/index.php\/wp-json\/wp\/v2\/media?parent=338"}],"wp:term":[{"taxonomy":"product_brand","embeddable":true,"href":"https:\/\/bajaessences.com\/wordpress\/index.php\/wp-json\/wp\/v2\/product_brand?post=338"},{"taxonomy":"product_cat","embeddable":true,"href":"https:\/\/bajaessences.com\/wordpress\/index.php\/wp-json\/wp\/v2\/product_cat?post=338"},{"taxonomy":"product_tag","embeddable":true,"href":"https:\/\/bajaessences.com\/wordpress\/index.php\/wp-json\/wp\/v2\/product_tag?post=338"}],"curies":[{"name":"wp","href":"https:\/\/api.w.org\/{rel}","templated":true}]}}