{"id":358,"date":"2026-02-23T23:55:08","date_gmt":"2026-02-23T23:55:08","guid":{"rendered":"https:\/\/bajaessences.com\/wordpress\/?post_type=product&#038;p=358"},"modified":"2026-02-23T23:55:08","modified_gmt":"2026-02-23T23:55:08","slug":"aceite-esencial-de-granada-baja-essences","status":"publish","type":"product","link":"https:\/\/bajaessences.com\/wordpress\/index.php\/producto\/aceite-esencial-de-granada-baja-essences\/","title":{"rendered":"Aceite Esencial de GRANADA Baja Essences"},"content":{"rendered":"<p>La\u00a0<b><i>Granada<\/i><\/b>\u00a0<i>(Punica granatum),\u00a0<\/i>originaria de la antigua Persia, se ha valorado por siglos como una planta medicinal.\u00a0 Hoy en d\u00eda, sabemos que el secreto de la\u00a0<b><i>Granada<\/i><\/b>\u00a0se puede encontrar en una sola gota de su preciado\u00a0<i>Aceite<\/i>, prensado de las semillas que se encuentran en los arilos rojos de la fruta. Ricos en Omega 5 raro \u00e1cido graso esencial, es la \u00fanica fuente bot\u00e1nica conocida de \u00e1cido linol\u00e9nico conjugado (ClNa), tambi\u00e9n conocido como\u00a0<b><i>\u00e1cido pun\u00ednico<\/i><\/b>, uno de los antioxidantes m\u00e1s potentes conocidos por la ciencia moderna, y un fitoestr\u00f3geno natural (a base de plantas\u00a0estr\u00f3geno).<\/p>\n<p>El\u00a0<b><i>Aceite Esencial de Granada\u00a0<\/i><\/b>es obtenido de la semilla del fruto por extracci\u00f3n con fluido supercr\u00edtico con di\u00f3xido de carbono natural.<\/p>\n<p>El\u00a0<i>Aceite Esencial de Granada\u00a0<\/i>apoya a la renovacion celular, ayuda a regenerar el tejido y tiene efectos reafirmantes. Adem\u00e1s se le atribuyen propiedades que mejoran la elasticidad de la piel, reducci\u00f3n de arrugas, alivio para piel irritada, sensible, madura, seca y con tendencia a alergia y picaz\u00f3n. Tiene un alto contenido en \u00e1cido gamma-linolenico que le da poderes antioxidantes y anti-envejecimiento. Es un potente anti-inflamatorio y antioxidante, adem\u00e1s de ser un regenerador celular.<\/p>\n<p>Contiene una forma humana-compatible de fitoestr\u00f3genos que apoya el equilibrio hormonal y la salud de la piel,\u00a0tanto en hombres como en mujeres.<\/p>\n<p>&nbsp;<\/p>\n<p><b>COMPONENTES PRINCIPALES:\u00a0<\/b>\u00c1cido linoleico, \u00e1cido puninic, CO2, tocoferoles, esteroles, escualeno, \u00e1cido trienoico.<\/p>\n<p><b>ADVERTENCIAS:\u00a0<\/b>No ingerir ni aplicar directamente sobre la piel, diluir previamente sobre una base de aceite vehicular neutro o de almendras. Evitar el contacto con los ojos y mucosas. Mantenerse alejado del alcance de los ni\u00f1os. En caso de hipersensibilidad o irritaci\u00f3n, dejar de utilizar inmediatamente.<\/p>\n<p><b>DERECHOS RESERVADOS DE INFORMACI\u00d3N. Esta informaci\u00f3n est\u00e1 protegida por Copywright y derechos de autor. Est\u00e1 prohibida su utilizaci\u00f3n sin la aprobaci\u00f3n expresa del autor\/propietario:\u00a0<\/b><b>Baja Essences<\/b><\/p>\n","protected":false},"excerpt":{"rendered":"<p>La\u00a0Granada\u00a0(Punica granatum),\u00a0originaria de la antigua Persia, se ha valorado por siglos como una planta medicinal.\u00a0 Hoy en d\u00eda, sabemos que el secreto de la\u00a0Granada\u00a0se puede encontrar en una sola gota de su preciado\u00a0Aceite, prensado de las semillas que se encuentran en los arilos rojos de la fruta. Ricos en Omega 5 raro \u00e1cido graso esencial, [&hellip;]<\/p>\n","protected":false},"featured_media":553,"comment_status":"open","ping_status":"closed","template":"","meta":[],"product_brand":[29],"product_cat":[27,19],"product_tag":[118,108,87],"class_list":{"0":"post-358","1":"product","2":"type-product","3":"status-publish","4":"has-post-thumbnail","6":"product_brand-baja-essences-aromaterapia","7":"product_cat-aceites-esenciales-frutales","8":"product_cat-aromaterapia","9":"product_tag-aceite-esencial-de-granada","10":"product_tag-elasticidad","11":"product_tag-regenerador","13":"first","14":"instock","15":"taxable","16":"shipping-taxable","17":"product-type-simple"},"yoast_head":"<!-- This site is optimized with the Yoast SEO plugin v27.5 - https:\/\/yoast.com\/product\/yoast-seo-wordpress\/ -->\n<title>Aceite Esencial de Granada Baja Essences<\/title>\n<meta name=\"description\" content=\"El Aceite Esencial de Granada Baja Essences ayuda a la renovaci\u00f3n celular, regenera el tejido, tiene efectos reafirmantes y otorga elasticidad a la piel.\" \/>\n<meta name=\"robots\" content=\"index, follow, max-snippet:-1, max-image-preview:large, max-video-preview:-1\" \/>\n<link rel=\"canonical\" href=\"https:\/\/bajaessences.com\/wordpress\/index.php\/producto\/aceite-esencial-de-granada-baja-essences\/\" \/>\n<meta property=\"og:locale\" content=\"es_MX\" \/>\n<meta property=\"og:type\" content=\"article\" \/>\n<meta property=\"og:title\" content=\"Aceite Esencial de Granada Baja Essences\" \/>\n<meta property=\"og:description\" content=\"El Aceite Esencial de Granada Baja Essences ayuda a la renovaci\u00f3n celular, regenera el tejido, tiene efectos reafirmantes y otorga elasticidad a la piel.\" \/>\n<meta property=\"og:url\" content=\"https:\/\/bajaessences.com\/wordpress\/index.php\/producto\/aceite-esencial-de-granada-baja-essences\/\" \/>\n<meta property=\"og:image\" content=\"https:\/\/bajaessences.com\/wordpress\/wp-content\/uploads\/2025\/11\/D_NQ_NP_2X_743856-MLM76779124543_062024-F-aceite-esencial-de-granada-baja-essences.webp\" \/>\n\t<meta property=\"og:image:width\" content=\"1080\" \/>\n\t<meta property=\"og:image:height\" content=\"1080\" \/>\n\t<meta property=\"og:image:type\" content=\"image\/webp\" \/>\n<meta name=\"twitter:card\" content=\"summary_large_image\" \/>\n<meta name=\"twitter:label1\" content=\"Tiempo de lectura\" \/>\n\t<meta name=\"twitter:data1\" content=\"2 minutos\" \/>\n<script type=\"application\/ld+json\" class=\"yoast-schema-graph\">{\"@context\":\"https:\\\/\\\/schema.org\",\"@graph\":[{\"@type\":\"WebPage\",\"@id\":\"https:\\\/\\\/bajaessences.com\\\/wordpress\\\/index.php\\\/producto\\\/aceite-esencial-de-granada-baja-essences\\\/\",\"url\":\"https:\\\/\\\/bajaessences.com\\\/wordpress\\\/index.php\\\/producto\\\/aceite-esencial-de-granada-baja-essences\\\/\",\"name\":\"Aceite Esencial de Granada Baja Essences\",\"isPartOf\":{\"@id\":\"https:\\\/\\\/bajaessences.com\\\/wordpress\\\/#website\"},\"primaryImageOfPage\":{\"@id\":\"https:\\\/\\\/bajaessences.com\\\/wordpress\\\/index.php\\\/producto\\\/aceite-esencial-de-granada-baja-essences\\\/#primaryimage\"},\"image\":{\"@id\":\"https:\\\/\\\/bajaessences.com\\\/wordpress\\\/index.php\\\/producto\\\/aceite-esencial-de-granada-baja-essences\\\/#primaryimage\"},\"thumbnailUrl\":\"https:\\\/\\\/bajaessences.com\\\/wordpress\\\/wp-content\\\/uploads\\\/2025\\\/11\\\/D_NQ_NP_2X_743856-MLM76779124543_062024-F-aceite-esencial-de-granada-baja-essences.webp\",\"datePublished\":\"2026-02-23T23:55:08+00:00\",\"description\":\"El Aceite Esencial de Granada Baja Essences ayuda a la renovaci\u00f3n celular, regenera el tejido, tiene efectos reafirmantes y otorga elasticidad a la piel.\",\"breadcrumb\":{\"@id\":\"https:\\\/\\\/bajaessences.com\\\/wordpress\\\/index.php\\\/producto\\\/aceite-esencial-de-granada-baja-essences\\\/#breadcrumb\"},\"inLanguage\":\"es\",\"potentialAction\":[{\"@type\":\"ReadAction\",\"target\":[\"https:\\\/\\\/bajaessences.com\\\/wordpress\\\/index.php\\\/producto\\\/aceite-esencial-de-granada-baja-essences\\\/\"]}]},{\"@type\":\"ImageObject\",\"inLanguage\":\"es\",\"@id\":\"https:\\\/\\\/bajaessences.com\\\/wordpress\\\/index.php\\\/producto\\\/aceite-esencial-de-granada-baja-essences\\\/#primaryimage\",\"url\":\"https:\\\/\\\/bajaessences.com\\\/wordpress\\\/wp-content\\\/uploads\\\/2025\\\/11\\\/D_NQ_NP_2X_743856-MLM76779124543_062024-F-aceite-esencial-de-granada-baja-essences.webp\",\"contentUrl\":\"https:\\\/\\\/bajaessences.com\\\/wordpress\\\/wp-content\\\/uploads\\\/2025\\\/11\\\/D_NQ_NP_2X_743856-MLM76779124543_062024-F-aceite-esencial-de-granada-baja-essences.webp\",\"width\":1080,\"height\":1080},{\"@type\":\"BreadcrumbList\",\"@id\":\"https:\\\/\\\/bajaessences.com\\\/wordpress\\\/index.php\\\/producto\\\/aceite-esencial-de-granada-baja-essences\\\/#breadcrumb\",\"itemListElement\":[{\"@type\":\"ListItem\",\"position\":1,\"name\":\"Inicio\",\"item\":\"https:\\\/\\\/bajaessences.com\\\/wordpress\\\/\"},{\"@type\":\"ListItem\",\"position\":2,\"name\":\"Tienda en L\u00ednea\",\"item\":\"https:\\\/\\\/bajaessences.com\\\/wordpress\\\/index.php\\\/baja-essences-aromaterapia-tienda-en-linea\\\/\"},{\"@type\":\"ListItem\",\"position\":3,\"name\":\"Aceite Esencial de GRANADA Baja Essences\"}]},{\"@type\":\"WebSite\",\"@id\":\"https:\\\/\\\/bajaessences.com\\\/wordpress\\\/#website\",\"url\":\"https:\\\/\\\/bajaessences.com\\\/wordpress\\\/\",\"name\":\"\",\"description\":\"EXPERTOS EN AROMATERAPIA Y PRODUCTOS PARA SPA\",\"potentialAction\":[{\"@type\":\"SearchAction\",\"target\":{\"@type\":\"EntryPoint\",\"urlTemplate\":\"https:\\\/\\\/bajaessences.com\\\/wordpress\\\/?s={search_term_string}\"},\"query-input\":{\"@type\":\"PropertyValueSpecification\",\"valueRequired\":true,\"valueName\":\"search_term_string\"}}],\"inLanguage\":\"es\"}]}<\/script>\n<!-- \/ Yoast SEO plugin. -->","yoast_head_json":{"title":"Aceite Esencial de Granada Baja Essences","description":"El Aceite Esencial de Granada Baja Essences ayuda a la renovaci\u00f3n celular, regenera el tejido, tiene efectos reafirmantes y otorga elasticidad a la piel.","robots":{"index":"index","follow":"follow","max-snippet":"max-snippet:-1","max-image-preview":"max-image-preview:large","max-video-preview":"max-video-preview:-1"},"canonical":"https:\/\/bajaessences.com\/wordpress\/index.php\/producto\/aceite-esencial-de-granada-baja-essences\/","og_locale":"es_MX","og_type":"article","og_title":"Aceite Esencial de Granada Baja Essences","og_description":"El Aceite Esencial de Granada Baja Essences ayuda a la renovaci\u00f3n celular, regenera el tejido, tiene efectos reafirmantes y otorga elasticidad a la piel.","og_url":"https:\/\/bajaessences.com\/wordpress\/index.php\/producto\/aceite-esencial-de-granada-baja-essences\/","og_image":[{"width":1080,"height":1080,"url":"https:\/\/bajaessences.com\/wordpress\/wp-content\/uploads\/2025\/11\/D_NQ_NP_2X_743856-MLM76779124543_062024-F-aceite-esencial-de-granada-baja-essences.webp","type":"image\/webp"}],"twitter_card":"summary_large_image","twitter_misc":{"Tiempo de lectura":"2 minutos"},"schema":{"@context":"https:\/\/schema.org","@graph":[{"@type":"WebPage","@id":"https:\/\/bajaessences.com\/wordpress\/index.php\/producto\/aceite-esencial-de-granada-baja-essences\/","url":"https:\/\/bajaessences.com\/wordpress\/index.php\/producto\/aceite-esencial-de-granada-baja-essences\/","name":"Aceite Esencial de Granada Baja Essences","isPartOf":{"@id":"https:\/\/bajaessences.com\/wordpress\/#website"},"primaryImageOfPage":{"@id":"https:\/\/bajaessences.com\/wordpress\/index.php\/producto\/aceite-esencial-de-granada-baja-essences\/#primaryimage"},"image":{"@id":"https:\/\/bajaessences.com\/wordpress\/index.php\/producto\/aceite-esencial-de-granada-baja-essences\/#primaryimage"},"thumbnailUrl":"https:\/\/bajaessences.com\/wordpress\/wp-content\/uploads\/2025\/11\/D_NQ_NP_2X_743856-MLM76779124543_062024-F-aceite-esencial-de-granada-baja-essences.webp","datePublished":"2026-02-23T23:55:08+00:00","description":"El Aceite Esencial de Granada Baja Essences ayuda a la renovaci\u00f3n celular, regenera el tejido, tiene efectos reafirmantes y otorga elasticidad a la piel.","breadcrumb":{"@id":"https:\/\/bajaessences.com\/wordpress\/index.php\/producto\/aceite-esencial-de-granada-baja-essences\/#breadcrumb"},"inLanguage":"es","potentialAction":[{"@type":"ReadAction","target":["https:\/\/bajaessences.com\/wordpress\/index.php\/producto\/aceite-esencial-de-granada-baja-essences\/"]}]},{"@type":"ImageObject","inLanguage":"es","@id":"https:\/\/bajaessences.com\/wordpress\/index.php\/producto\/aceite-esencial-de-granada-baja-essences\/#primaryimage","url":"https:\/\/bajaessences.com\/wordpress\/wp-content\/uploads\/2025\/11\/D_NQ_NP_2X_743856-MLM76779124543_062024-F-aceite-esencial-de-granada-baja-essences.webp","contentUrl":"https:\/\/bajaessences.com\/wordpress\/wp-content\/uploads\/2025\/11\/D_NQ_NP_2X_743856-MLM76779124543_062024-F-aceite-esencial-de-granada-baja-essences.webp","width":1080,"height":1080},{"@type":"BreadcrumbList","@id":"https:\/\/bajaessences.com\/wordpress\/index.php\/producto\/aceite-esencial-de-granada-baja-essences\/#breadcrumb","itemListElement":[{"@type":"ListItem","position":1,"name":"Inicio","item":"https:\/\/bajaessences.com\/wordpress\/"},{"@type":"ListItem","position":2,"name":"Tienda en L\u00ednea","item":"https:\/\/bajaessences.com\/wordpress\/index.php\/baja-essences-aromaterapia-tienda-en-linea\/"},{"@type":"ListItem","position":3,"name":"Aceite Esencial de GRANADA Baja Essences"}]},{"@type":"WebSite","@id":"https:\/\/bajaessences.com\/wordpress\/#website","url":"https:\/\/bajaessences.com\/wordpress\/","name":"","description":"EXPERTOS EN AROMATERAPIA Y PRODUCTOS PARA SPA","potentialAction":[{"@type":"SearchAction","target":{"@type":"EntryPoint","urlTemplate":"https:\/\/bajaessences.com\/wordpress\/?s={search_term_string}"},"query-input":{"@type":"PropertyValueSpecification","valueRequired":true,"valueName":"search_term_string"}}],"inLanguage":"es"}]}},"jetpack_sharing_enabled":true,"_links":{"self":[{"href":"https:\/\/bajaessences.com\/wordpress\/index.php\/wp-json\/wp\/v2\/product\/358","targetHints":{"allow":["GET"]}}],"collection":[{"href":"https:\/\/bajaessences.com\/wordpress\/index.php\/wp-json\/wp\/v2\/product"}],"about":[{"href":"https:\/\/bajaessences.com\/wordpress\/index.php\/wp-json\/wp\/v2\/types\/product"}],"replies":[{"embeddable":true,"href":"https:\/\/bajaessences.com\/wordpress\/index.php\/wp-json\/wp\/v2\/comments?post=358"}],"wp:featuredmedia":[{"embeddable":true,"href":"https:\/\/bajaessences.com\/wordpress\/index.php\/wp-json\/wp\/v2\/media\/553"}],"wp:attachment":[{"href":"https:\/\/bajaessences.com\/wordpress\/index.php\/wp-json\/wp\/v2\/media?parent=358"}],"wp:term":[{"taxonomy":"product_brand","embeddable":true,"href":"https:\/\/bajaessences.com\/wordpress\/index.php\/wp-json\/wp\/v2\/product_brand?post=358"},{"taxonomy":"product_cat","embeddable":true,"href":"https:\/\/bajaessences.com\/wordpress\/index.php\/wp-json\/wp\/v2\/product_cat?post=358"},{"taxonomy":"product_tag","embeddable":true,"href":"https:\/\/bajaessences.com\/wordpress\/index.php\/wp-json\/wp\/v2\/product_tag?post=358"}],"curies":[{"name":"wp","href":"https:\/\/api.w.org\/{rel}","templated":true}]}}