{"id":381,"date":"2026-02-23T21:58:17","date_gmt":"2026-02-23T21:58:17","guid":{"rendered":"https:\/\/bajaessences.com\/wordpress\/?post_type=product&#038;p=381"},"modified":"2026-02-23T21:58:49","modified_gmt":"2026-02-23T21:58:49","slug":"aceite-esencial-de-maracuya-baja-essences","status":"publish","type":"product","link":"https:\/\/bajaessences.com\/wordpress\/index.php\/producto\/aceite-esencial-de-maracuya-baja-essences\/","title":{"rendered":"Aceite Esencial de MARACUY\u00c1 Baja Essences"},"content":{"rendered":"<p>El\u00a0<b><i>Aceite Esencial de MARACUY\u00c1\u00a0<\/i><\/b><i>s<\/i>e obtiene de la semilla del fruto PASSIFLORA EDULIS, a trav\u00e9s del proceso de arrastre de vapor. Este aceite esencial es conocido por sus grandes propiedades para el cuidado de la piel.<\/p>\n<p>El\u00a0<b><i>Aceite Esencial de Maracuy\u00e1\u00a0<\/i><\/b>es una gran antioxidante, es ideal para combatir zonas con rojeces en la piel, eliminar irritaci\u00f3n y contribuir al cuidado de la misma. Adem\u00e1s de nutrir la piel de manera profunda es bactericida, desinfectante, tonificante, antiinflamatoria y calmante. Contribuye a lograr un estado mental de paz y profunda concentraci\u00f3n.<\/p>\n<h4><span class=\"T286Pc\" data-sfc-cp=\"\" data-processed=\"true\"><strong class=\"Yjhzub\" data-processed=\"true\">El Aceite Esencial de Maracuy\u00e1 ayuda al cabello\u00a0<\/strong><\/span><\/h4>\n<p><span class=\"T286Pc\" data-sfc-cp=\"\" data-processed=\"true\"><strong class=\"Yjhzub\" data-processed=\"true\">Nutrici\u00f3n y Reparaci\u00f3n:<\/strong> Fortalece, revitaliza cabellos opacos y fr\u00e1giles, repara puntas abiertas y aporta brillo y suavidad.<\/span><\/p>\n<p><span class=\"T286Pc\" data-sfc-cp=\"\" data-processed=\"true\"><strong class=\"Yjhzub\" data-processed=\"true\">Crecimiento Sano:<\/strong> Nutre el cuero cabelludo y previene la ca\u00edda, fortaleciendo el bulbo piloso.<\/span><\/p>\n<h3>Excelente para masajes.<\/h3>\n<p><span class=\"T286Pc\" data-sfc-cp=\"\" data-processed=\"true\"><strong class=\"Yjhzub\" data-processed=\"true\">Relajaci\u00f3n:<\/strong> Su aroma suave es antiestr\u00e9s, calmante y sedante, perfecto para masajes y aromaterapia.<\/span><\/p>\n<p><span class=\"T286Pc\" data-sfc-cp=\"\" data-processed=\"true\"><strong class=\"Yjhzub\" data-processed=\"true\">Vers\u00e1til:<\/strong> Excelente como aftersun, desmaquillante, protector solar natural y base para exfoliantes.<\/span><span class=\"uJ19be notranslate\" data-wiz-uids=\"zN7Vcd_2j,zN7Vcd_2k,zN7Vcd_2l\" data-processed=\"true\"><span class=\"vKEkVd\" data-animation-atomic=\"\" data-wiz-attrbind=\"class=zN7Vcd_2j\/TKHnVd;\" data-processed=\"true\">\u00a0<\/span><\/span><\/p>\n<p><b>PRINCIPALES COMPONENTES:<\/b><b>\u00a0<\/b>Acido linoleico, \u00e1cidos oleicos y palm\u00edticos, este\u00e1rico y palmitoleico entre otros.<\/p>\n<p><b>ADVERTENCIAS:<\/b><b>\u00a0<\/b>No ingerir ni aplicar directamente sobre la piel, diluir previamente sobre una base de aceite vehicular neutro o de almendras. Evitar el contacto con los ojos y mucosas. Mantenerse alejado del alcance de los ni\u00f1os. En caso de hipersensibilidad o irritaci\u00f3n, dejar de utilizar inmediatamente.<\/p>\n<p><b>DERECHOS RESERVADOS DE INFORMACI\u00d3N. Esta informaci\u00f3n est\u00e1 protegida por Copyright y derechos de autor. Est\u00e1 prohibida su utilizaci\u00f3n sin la aprobaci\u00f3n expresa del autor\/propietario:\u00a0Baja Essences<\/b><\/p>\n","protected":false},"excerpt":{"rendered":"<p class=\"ui-pdp-title\">Baja Essences &#8211; Aceite Esencial De Maracuy\u00e1 es una gran antioxidante, es ideal para combatir zonas con rojeces en la piel, eliminar irritaci\u00f3n y contribuir al cuidado de la misma.<\/p>\n","protected":false},"featured_media":450,"comment_status":"open","ping_status":"closed","template":"","meta":[],"product_brand":[29],"product_cat":[27,19],"product_tag":[78,54,57,79],"class_list":{"0":"post-381","1":"product","2":"type-product","3":"status-publish","4":"has-post-thumbnail","6":"product_brand-baja-essences-aromaterapia","7":"product_cat-aceites-esenciales-frutales","8":"product_cat-aromaterapia","9":"product_tag-aceite-esencial-de-maracuya","10":"product_tag-antiinflamatorio","11":"product_tag-calmante","12":"product_tag-cuidado-de-la-piel","13":"product_shipping_class-envio-normal","15":"first","16":"instock","17":"taxable","18":"shipping-taxable","19":"purchasable","20":"product-type-simple"},"yoast_head":"<!-- This site is optimized with the Yoast SEO plugin v27.5 - https:\/\/yoast.com\/product\/yoast-seo-wordpress\/ -->\n<title>Aceite Esencial de Maracuy\u00e1 Baja Essences<\/title>\n<meta name=\"description\" content=\"El Aceite Esencial de Maracuy\u00e1 Baja Essences es un gran aliado para el cuidado de la piel tambi\u00e9n es desinfectante, tonificante y calmante.\" \/>\n<meta name=\"robots\" content=\"index, follow, max-snippet:-1, max-image-preview:large, max-video-preview:-1\" \/>\n<link rel=\"canonical\" href=\"https:\/\/bajaessences.com\/wordpress\/index.php\/producto\/aceite-esencial-de-maracuya-baja-essences\/\" \/>\n<meta property=\"og:locale\" content=\"es_MX\" \/>\n<meta property=\"og:type\" content=\"article\" \/>\n<meta property=\"og:title\" content=\"Aceite Esencial de Maracuy\u00e1 Baja Essences\" \/>\n<meta property=\"og:description\" content=\"El Aceite Esencial de Maracuy\u00e1 Baja Essences es un gran aliado para el cuidado de la piel tambi\u00e9n es desinfectante, tonificante y calmante.\" \/>\n<meta property=\"og:url\" content=\"https:\/\/bajaessences.com\/wordpress\/index.php\/producto\/aceite-esencial-de-maracuya-baja-essences\/\" \/>\n<meta property=\"article:modified_time\" content=\"2026-02-23T21:58:49+00:00\" \/>\n<meta property=\"og:image\" content=\"https:\/\/bajaessences.com\/wordpress\/wp-content\/uploads\/2025\/12\/Aceite-Esencial-de-Maracuya-Baja-Essences.webp\" \/>\n\t<meta property=\"og:image:width\" content=\"1080\" \/>\n\t<meta property=\"og:image:height\" content=\"1163\" \/>\n\t<meta property=\"og:image:type\" content=\"image\/webp\" \/>\n<meta name=\"twitter:card\" content=\"summary_large_image\" \/>\n<meta name=\"twitter:label1\" content=\"Tiempo de lectura\" \/>\n\t<meta name=\"twitter:data1\" content=\"2 minutos\" \/>\n<script type=\"application\/ld+json\" class=\"yoast-schema-graph\">{\"@context\":\"https:\\\/\\\/schema.org\",\"@graph\":[{\"@type\":\"WebPage\",\"@id\":\"https:\\\/\\\/bajaessences.com\\\/wordpress\\\/index.php\\\/producto\\\/aceite-esencial-de-maracuya-baja-essences\\\/\",\"url\":\"https:\\\/\\\/bajaessences.com\\\/wordpress\\\/index.php\\\/producto\\\/aceite-esencial-de-maracuya-baja-essences\\\/\",\"name\":\"Aceite Esencial de Maracuy\u00e1 Baja Essences\",\"isPartOf\":{\"@id\":\"https:\\\/\\\/bajaessences.com\\\/wordpress\\\/#website\"},\"primaryImageOfPage\":{\"@id\":\"https:\\\/\\\/bajaessences.com\\\/wordpress\\\/index.php\\\/producto\\\/aceite-esencial-de-maracuya-baja-essences\\\/#primaryimage\"},\"image\":{\"@id\":\"https:\\\/\\\/bajaessences.com\\\/wordpress\\\/index.php\\\/producto\\\/aceite-esencial-de-maracuya-baja-essences\\\/#primaryimage\"},\"thumbnailUrl\":\"https:\\\/\\\/bajaessences.com\\\/wordpress\\\/wp-content\\\/uploads\\\/2025\\\/12\\\/Aceite-Esencial-de-Maracuya-Baja-Essences.webp\",\"datePublished\":\"2026-02-23T21:58:17+00:00\",\"dateModified\":\"2026-02-23T21:58:49+00:00\",\"description\":\"El Aceite Esencial de Maracuy\u00e1 Baja Essences es un gran aliado para el cuidado de la piel tambi\u00e9n es desinfectante, tonificante y calmante.\",\"breadcrumb\":{\"@id\":\"https:\\\/\\\/bajaessences.com\\\/wordpress\\\/index.php\\\/producto\\\/aceite-esencial-de-maracuya-baja-essences\\\/#breadcrumb\"},\"inLanguage\":\"es\",\"potentialAction\":[{\"@type\":\"ReadAction\",\"target\":[\"https:\\\/\\\/bajaessences.com\\\/wordpress\\\/index.php\\\/producto\\\/aceite-esencial-de-maracuya-baja-essences\\\/\"]}]},{\"@type\":\"ImageObject\",\"inLanguage\":\"es\",\"@id\":\"https:\\\/\\\/bajaessences.com\\\/wordpress\\\/index.php\\\/producto\\\/aceite-esencial-de-maracuya-baja-essences\\\/#primaryimage\",\"url\":\"https:\\\/\\\/bajaessences.com\\\/wordpress\\\/wp-content\\\/uploads\\\/2025\\\/12\\\/Aceite-Esencial-de-Maracuya-Baja-Essences.webp\",\"contentUrl\":\"https:\\\/\\\/bajaessences.com\\\/wordpress\\\/wp-content\\\/uploads\\\/2025\\\/12\\\/Aceite-Esencial-de-Maracuya-Baja-Essences.webp\",\"width\":1080,\"height\":1163,\"caption\":\"aceite esencial de maracuya baja essences\"},{\"@type\":\"BreadcrumbList\",\"@id\":\"https:\\\/\\\/bajaessences.com\\\/wordpress\\\/index.php\\\/producto\\\/aceite-esencial-de-maracuya-baja-essences\\\/#breadcrumb\",\"itemListElement\":[{\"@type\":\"ListItem\",\"position\":1,\"name\":\"Inicio\",\"item\":\"https:\\\/\\\/bajaessences.com\\\/wordpress\\\/\"},{\"@type\":\"ListItem\",\"position\":2,\"name\":\"Tienda en L\u00ednea\",\"item\":\"https:\\\/\\\/bajaessences.com\\\/wordpress\\\/index.php\\\/baja-essences-aromaterapia-tienda-en-linea\\\/\"},{\"@type\":\"ListItem\",\"position\":3,\"name\":\"Aceite Esencial de MARACUY\u00c1 Baja Essences\"}]},{\"@type\":\"WebSite\",\"@id\":\"https:\\\/\\\/bajaessences.com\\\/wordpress\\\/#website\",\"url\":\"https:\\\/\\\/bajaessences.com\\\/wordpress\\\/\",\"name\":\"\",\"description\":\"EXPERTOS EN AROMATERAPIA Y PRODUCTOS PARA SPA\",\"potentialAction\":[{\"@type\":\"SearchAction\",\"target\":{\"@type\":\"EntryPoint\",\"urlTemplate\":\"https:\\\/\\\/bajaessences.com\\\/wordpress\\\/?s={search_term_string}\"},\"query-input\":{\"@type\":\"PropertyValueSpecification\",\"valueRequired\":true,\"valueName\":\"search_term_string\"}}],\"inLanguage\":\"es\"}]}<\/script>\n<!-- \/ Yoast SEO plugin. -->","yoast_head_json":{"title":"Aceite Esencial de Maracuy\u00e1 Baja Essences","description":"El Aceite Esencial de Maracuy\u00e1 Baja Essences es un gran aliado para el cuidado de la piel tambi\u00e9n es desinfectante, tonificante y calmante.","robots":{"index":"index","follow":"follow","max-snippet":"max-snippet:-1","max-image-preview":"max-image-preview:large","max-video-preview":"max-video-preview:-1"},"canonical":"https:\/\/bajaessences.com\/wordpress\/index.php\/producto\/aceite-esencial-de-maracuya-baja-essences\/","og_locale":"es_MX","og_type":"article","og_title":"Aceite Esencial de Maracuy\u00e1 Baja Essences","og_description":"El Aceite Esencial de Maracuy\u00e1 Baja Essences es un gran aliado para el cuidado de la piel tambi\u00e9n es desinfectante, tonificante y calmante.","og_url":"https:\/\/bajaessences.com\/wordpress\/index.php\/producto\/aceite-esencial-de-maracuya-baja-essences\/","article_modified_time":"2026-02-23T21:58:49+00:00","og_image":[{"width":1080,"height":1163,"url":"https:\/\/bajaessences.com\/wordpress\/wp-content\/uploads\/2025\/12\/Aceite-Esencial-de-Maracuya-Baja-Essences.webp","type":"image\/webp"}],"twitter_card":"summary_large_image","twitter_misc":{"Tiempo de lectura":"2 minutos"},"schema":{"@context":"https:\/\/schema.org","@graph":[{"@type":"WebPage","@id":"https:\/\/bajaessences.com\/wordpress\/index.php\/producto\/aceite-esencial-de-maracuya-baja-essences\/","url":"https:\/\/bajaessences.com\/wordpress\/index.php\/producto\/aceite-esencial-de-maracuya-baja-essences\/","name":"Aceite Esencial de Maracuy\u00e1 Baja Essences","isPartOf":{"@id":"https:\/\/bajaessences.com\/wordpress\/#website"},"primaryImageOfPage":{"@id":"https:\/\/bajaessences.com\/wordpress\/index.php\/producto\/aceite-esencial-de-maracuya-baja-essences\/#primaryimage"},"image":{"@id":"https:\/\/bajaessences.com\/wordpress\/index.php\/producto\/aceite-esencial-de-maracuya-baja-essences\/#primaryimage"},"thumbnailUrl":"https:\/\/bajaessences.com\/wordpress\/wp-content\/uploads\/2025\/12\/Aceite-Esencial-de-Maracuya-Baja-Essences.webp","datePublished":"2026-02-23T21:58:17+00:00","dateModified":"2026-02-23T21:58:49+00:00","description":"El Aceite Esencial de Maracuy\u00e1 Baja Essences es un gran aliado para el cuidado de la piel tambi\u00e9n es desinfectante, tonificante y calmante.","breadcrumb":{"@id":"https:\/\/bajaessences.com\/wordpress\/index.php\/producto\/aceite-esencial-de-maracuya-baja-essences\/#breadcrumb"},"inLanguage":"es","potentialAction":[{"@type":"ReadAction","target":["https:\/\/bajaessences.com\/wordpress\/index.php\/producto\/aceite-esencial-de-maracuya-baja-essences\/"]}]},{"@type":"ImageObject","inLanguage":"es","@id":"https:\/\/bajaessences.com\/wordpress\/index.php\/producto\/aceite-esencial-de-maracuya-baja-essences\/#primaryimage","url":"https:\/\/bajaessences.com\/wordpress\/wp-content\/uploads\/2025\/12\/Aceite-Esencial-de-Maracuya-Baja-Essences.webp","contentUrl":"https:\/\/bajaessences.com\/wordpress\/wp-content\/uploads\/2025\/12\/Aceite-Esencial-de-Maracuya-Baja-Essences.webp","width":1080,"height":1163,"caption":"aceite esencial de maracuya baja essences"},{"@type":"BreadcrumbList","@id":"https:\/\/bajaessences.com\/wordpress\/index.php\/producto\/aceite-esencial-de-maracuya-baja-essences\/#breadcrumb","itemListElement":[{"@type":"ListItem","position":1,"name":"Inicio","item":"https:\/\/bajaessences.com\/wordpress\/"},{"@type":"ListItem","position":2,"name":"Tienda en L\u00ednea","item":"https:\/\/bajaessences.com\/wordpress\/index.php\/baja-essences-aromaterapia-tienda-en-linea\/"},{"@type":"ListItem","position":3,"name":"Aceite Esencial de MARACUY\u00c1 Baja Essences"}]},{"@type":"WebSite","@id":"https:\/\/bajaessences.com\/wordpress\/#website","url":"https:\/\/bajaessences.com\/wordpress\/","name":"","description":"EXPERTOS EN AROMATERAPIA Y PRODUCTOS PARA SPA","potentialAction":[{"@type":"SearchAction","target":{"@type":"EntryPoint","urlTemplate":"https:\/\/bajaessences.com\/wordpress\/?s={search_term_string}"},"query-input":{"@type":"PropertyValueSpecification","valueRequired":true,"valueName":"search_term_string"}}],"inLanguage":"es"}]}},"jetpack_sharing_enabled":true,"_links":{"self":[{"href":"https:\/\/bajaessences.com\/wordpress\/index.php\/wp-json\/wp\/v2\/product\/381","targetHints":{"allow":["GET"]}}],"collection":[{"href":"https:\/\/bajaessences.com\/wordpress\/index.php\/wp-json\/wp\/v2\/product"}],"about":[{"href":"https:\/\/bajaessences.com\/wordpress\/index.php\/wp-json\/wp\/v2\/types\/product"}],"replies":[{"embeddable":true,"href":"https:\/\/bajaessences.com\/wordpress\/index.php\/wp-json\/wp\/v2\/comments?post=381"}],"wp:featuredmedia":[{"embeddable":true,"href":"https:\/\/bajaessences.com\/wordpress\/index.php\/wp-json\/wp\/v2\/media\/450"}],"wp:attachment":[{"href":"https:\/\/bajaessences.com\/wordpress\/index.php\/wp-json\/wp\/v2\/media?parent=381"}],"wp:term":[{"taxonomy":"product_brand","embeddable":true,"href":"https:\/\/bajaessences.com\/wordpress\/index.php\/wp-json\/wp\/v2\/product_brand?post=381"},{"taxonomy":"product_cat","embeddable":true,"href":"https:\/\/bajaessences.com\/wordpress\/index.php\/wp-json\/wp\/v2\/product_cat?post=381"},{"taxonomy":"product_tag","embeddable":true,"href":"https:\/\/bajaessences.com\/wordpress\/index.php\/wp-json\/wp\/v2\/product_tag?post=381"}],"curies":[{"name":"wp","href":"https:\/\/api.w.org\/{rel}","templated":true}]}}