{"id":390,"date":"2026-02-23T22:03:49","date_gmt":"2026-02-23T22:03:49","guid":{"rendered":"https:\/\/bajaessences.com\/wordpress\/?post_type=product&#038;p=390"},"modified":"2026-02-23T22:03:50","modified_gmt":"2026-02-23T22:03:50","slug":"aceite-esencial-de-almendra-baja-essences","status":"publish","type":"product","link":"https:\/\/bajaessences.com\/wordpress\/index.php\/producto\/aceite-esencial-de-almendra-baja-essences\/","title":{"rendered":"Aceite Esencial de ALMENDRA Baja Essences"},"content":{"rendered":"<p>El\u00a0<i>Aceite Esencial de Almendra<\/i>\u00a0que se extrae del hueso de este fruto, ha sido utilizado desde la antig\u00fcedad por sus propiedades calmantes e hidratantes en caso de inflamaci\u00f3n de la piel. En la cosm\u00e9tica moderna, se incorporan a las cremas hidratantes, relajantes y suavizantes; y tambi\u00e9n se formulan con su extracto, mascarillas con fines nutrientes y revitalizantes. Este\u00a0<i>Aceite Esencial\u00a0<\/i>es un potente portador en vitaminas A, B y E.<\/p>\n<p>Se usa para suavizar todo tipo de piel, incluyendo las secas y escamosas. Es emoliente, suavizante e hidratante y ayuda a desinflamar. Es muy usado en los spas para dar masajes porque es ligero y su nivel de viscosidad no causa problemas, pero ayuda a que las manos deslicen ofreciendo excelentes beneficios para la piel.<\/p>\n<p>&#8211; Tambi\u00e9n se utiliza en aromaterapia como aceite portador o para diluir los aceites esenciales.<\/p>\n<p>&#8211; Se puede emplear directamente sobre la piel como aceite para el cuerpo o como humectante facial.<\/p>\n<p>&#8211; Se puede aplicar de igual forma sobre estr\u00edas o lugares problem\u00e1ticos.<\/p>\n<p>&#8211; En el cabello se puede aplicar puro o con otros aceites esenciales, cubriendo con un gorro pl\u00e1stico, y dejando dicho producto por 15 minutos o m\u00e1s y luego se lava como de costumbre.<\/p>\n<p>&nbsp;<\/p>\n<p><b>COMPONENTES PRINCIPALES:\u00a0<\/b>\u00c1cido palm\u00edtico, \u00e1cido este\u00e1rico, \u00e1cido linoleico, \u00e1cido oleico, piridoxina, cobalamina, riboflavina<\/p>\n<p><b>ADVERTENCIAS:\u00a0<\/b>No ingerir ni aplicar directamente sobre la piel, diluir previamente en un aceite vehicular neutro o de almendras. Evitar el contacto con los ojos y mucosas. Mantenerse alejado del alcance de los ni\u00f1os. En caso de hipersensibilidad o irritaci\u00f3n, dejar de utilizar inmediatamente.<\/p>\n<p><b>DERECHOS RESERVADOS DE INFORMACI\u00d3N. La informaci\u00f3n e im\u00e1genes estan protegidas por Copywright y derechos de autor. Est\u00e1 prohibida su utilizaci\u00f3n sin la aprobaci\u00f3n expresa del autor\/propietario:\u00a0<\/b><b>Baja Essences<\/b><b><\/b><\/p>\n","protected":false},"excerpt":{"rendered":"<p>Aceite Esencial de Almendra Baja Essences es emoliente, suavizante e hidratante y ayuda a desinflamar.<\/p>\n","protected":false},"featured_media":411,"comment_status":"open","ping_status":"closed","template":"","meta":[],"product_brand":[29],"product_cat":[27,19],"product_tag":[50,46,48,51],"class_list":{"0":"post-390","1":"product","2":"type-product","3":"status-publish","4":"has-post-thumbnail","6":"product_brand-baja-essences-aromaterapia","7":"product_cat-aceites-esenciales-frutales","8":"product_cat-aromaterapia","9":"product_tag-aceite-esencial-de-almendra","10":"product_tag-aromaterapia","11":"product_tag-hidratante","12":"product_tag-humectante","14":"first","15":"instock","16":"taxable","17":"shipping-taxable","18":"purchasable","19":"product-type-simple"},"yoast_head":"<!-- This site is optimized with the Yoast SEO plugin v27.3 - https:\/\/yoast.com\/product\/yoast-seo-wordpress\/ -->\n<title>Aceite Esencial de Almendra Baja Essences<\/title>\n<meta name=\"description\" content=\"El Aceite Esencial de Almendra Baja Essences es humectante, suavizante y relajante, ayuda a la cicatrizaci\u00f3n y su aroma es muy elegante\" \/>\n<meta name=\"robots\" content=\"index, follow, max-snippet:-1, max-image-preview:large, max-video-preview:-1\" \/>\n<link rel=\"canonical\" href=\"https:\/\/bajaessences.com\/wordpress\/index.php\/producto\/aceite-esencial-de-almendra-baja-essences\/\" \/>\n<meta property=\"og:locale\" content=\"es_MX\" \/>\n<meta property=\"og:type\" content=\"article\" \/>\n<meta property=\"og:title\" content=\"Aceite Esencial de Almendra Baja Essences\" \/>\n<meta property=\"og:description\" content=\"El Aceite Esencial de Almendra Baja Essences es humectante, suavizante y relajante, ayuda a la cicatrizaci\u00f3n y su aroma es muy elegante\" \/>\n<meta property=\"og:url\" content=\"https:\/\/bajaessences.com\/wordpress\/index.php\/producto\/aceite-esencial-de-almendra-baja-essences\/\" \/>\n<meta property=\"article:modified_time\" content=\"2026-02-23T22:03:50+00:00\" \/>\n<meta property=\"og:image\" content=\"https:\/\/bajaessences.com\/wordpress\/wp-content\/uploads\/2025\/12\/Aceite-Esencial-de-Almendra-Baja-Essences.webp\" \/>\n\t<meta property=\"og:image:width\" content=\"1093\" \/>\n\t<meta property=\"og:image:height\" content=\"1053\" \/>\n\t<meta property=\"og:image:type\" content=\"image\/webp\" \/>\n<meta name=\"twitter:card\" content=\"summary_large_image\" \/>\n<meta name=\"twitter:label1\" content=\"Tiempo de lectura\" \/>\n\t<meta name=\"twitter:data1\" content=\"2 minutos\" \/>\n<script type=\"application\/ld+json\" class=\"yoast-schema-graph\">{\"@context\":\"https:\\\/\\\/schema.org\",\"@graph\":[{\"@type\":\"WebPage\",\"@id\":\"https:\\\/\\\/bajaessences.com\\\/wordpress\\\/index.php\\\/producto\\\/aceite-esencial-de-almendra-baja-essences\\\/\",\"url\":\"https:\\\/\\\/bajaessences.com\\\/wordpress\\\/index.php\\\/producto\\\/aceite-esencial-de-almendra-baja-essences\\\/\",\"name\":\"Aceite Esencial de Almendra Baja Essences\",\"isPartOf\":{\"@id\":\"https:\\\/\\\/bajaessences.com\\\/wordpress\\\/#website\"},\"primaryImageOfPage\":{\"@id\":\"https:\\\/\\\/bajaessences.com\\\/wordpress\\\/index.php\\\/producto\\\/aceite-esencial-de-almendra-baja-essences\\\/#primaryimage\"},\"image\":{\"@id\":\"https:\\\/\\\/bajaessences.com\\\/wordpress\\\/index.php\\\/producto\\\/aceite-esencial-de-almendra-baja-essences\\\/#primaryimage\"},\"thumbnailUrl\":\"https:\\\/\\\/bajaessences.com\\\/wordpress\\\/wp-content\\\/uploads\\\/2025\\\/12\\\/Aceite-Esencial-de-Almendra-Baja-Essences.webp\",\"datePublished\":\"2026-02-23T22:03:49+00:00\",\"dateModified\":\"2026-02-23T22:03:50+00:00\",\"description\":\"El Aceite Esencial de Almendra Baja Essences es humectante, suavizante y relajante, ayuda a la cicatrizaci\u00f3n y su aroma es muy elegante\",\"breadcrumb\":{\"@id\":\"https:\\\/\\\/bajaessences.com\\\/wordpress\\\/index.php\\\/producto\\\/aceite-esencial-de-almendra-baja-essences\\\/#breadcrumb\"},\"inLanguage\":\"es\",\"potentialAction\":[{\"@type\":\"ReadAction\",\"target\":[\"https:\\\/\\\/bajaessences.com\\\/wordpress\\\/index.php\\\/producto\\\/aceite-esencial-de-almendra-baja-essences\\\/\"]}]},{\"@type\":\"ImageObject\",\"inLanguage\":\"es\",\"@id\":\"https:\\\/\\\/bajaessences.com\\\/wordpress\\\/index.php\\\/producto\\\/aceite-esencial-de-almendra-baja-essences\\\/#primaryimage\",\"url\":\"https:\\\/\\\/bajaessences.com\\\/wordpress\\\/wp-content\\\/uploads\\\/2025\\\/12\\\/Aceite-Esencial-de-Almendra-Baja-Essences.webp\",\"contentUrl\":\"https:\\\/\\\/bajaessences.com\\\/wordpress\\\/wp-content\\\/uploads\\\/2025\\\/12\\\/Aceite-Esencial-de-Almendra-Baja-Essences.webp\",\"width\":1093,\"height\":1053,\"caption\":\"aceite esencial de almendras baja essences\"},{\"@type\":\"BreadcrumbList\",\"@id\":\"https:\\\/\\\/bajaessences.com\\\/wordpress\\\/index.php\\\/producto\\\/aceite-esencial-de-almendra-baja-essences\\\/#breadcrumb\",\"itemListElement\":[{\"@type\":\"ListItem\",\"position\":1,\"name\":\"Inicio\",\"item\":\"https:\\\/\\\/bajaessences.com\\\/wordpress\\\/\"},{\"@type\":\"ListItem\",\"position\":2,\"name\":\"Tienda en L\u00ednea\",\"item\":\"https:\\\/\\\/bajaessences.com\\\/wordpress\\\/index.php\\\/baja-essences-aromaterapia-tienda-en-linea\\\/\"},{\"@type\":\"ListItem\",\"position\":3,\"name\":\"Aceite Esencial de ALMENDRA Baja Essences\"}]},{\"@type\":\"WebSite\",\"@id\":\"https:\\\/\\\/bajaessences.com\\\/wordpress\\\/#website\",\"url\":\"https:\\\/\\\/bajaessences.com\\\/wordpress\\\/\",\"name\":\"\",\"description\":\"EXPERTOS EN AROMATERAPIA Y PRODUCTOS PARA SPA\",\"potentialAction\":[{\"@type\":\"SearchAction\",\"target\":{\"@type\":\"EntryPoint\",\"urlTemplate\":\"https:\\\/\\\/bajaessences.com\\\/wordpress\\\/?s={search_term_string}\"},\"query-input\":{\"@type\":\"PropertyValueSpecification\",\"valueRequired\":true,\"valueName\":\"search_term_string\"}}],\"inLanguage\":\"es\"}]}<\/script>\n<!-- \/ Yoast SEO plugin. -->","yoast_head_json":{"title":"Aceite Esencial de Almendra Baja Essences","description":"El Aceite Esencial de Almendra Baja Essences es humectante, suavizante y relajante, ayuda a la cicatrizaci\u00f3n y su aroma es muy elegante","robots":{"index":"index","follow":"follow","max-snippet":"max-snippet:-1","max-image-preview":"max-image-preview:large","max-video-preview":"max-video-preview:-1"},"canonical":"https:\/\/bajaessences.com\/wordpress\/index.php\/producto\/aceite-esencial-de-almendra-baja-essences\/","og_locale":"es_MX","og_type":"article","og_title":"Aceite Esencial de Almendra Baja Essences","og_description":"El Aceite Esencial de Almendra Baja Essences es humectante, suavizante y relajante, ayuda a la cicatrizaci\u00f3n y su aroma es muy elegante","og_url":"https:\/\/bajaessences.com\/wordpress\/index.php\/producto\/aceite-esencial-de-almendra-baja-essences\/","article_modified_time":"2026-02-23T22:03:50+00:00","og_image":[{"width":1093,"height":1053,"url":"https:\/\/bajaessences.com\/wordpress\/wp-content\/uploads\/2025\/12\/Aceite-Esencial-de-Almendra-Baja-Essences.webp","type":"image\/webp"}],"twitter_card":"summary_large_image","twitter_misc":{"Tiempo de lectura":"2 minutos"},"schema":{"@context":"https:\/\/schema.org","@graph":[{"@type":"WebPage","@id":"https:\/\/bajaessences.com\/wordpress\/index.php\/producto\/aceite-esencial-de-almendra-baja-essences\/","url":"https:\/\/bajaessences.com\/wordpress\/index.php\/producto\/aceite-esencial-de-almendra-baja-essences\/","name":"Aceite Esencial de Almendra Baja Essences","isPartOf":{"@id":"https:\/\/bajaessences.com\/wordpress\/#website"},"primaryImageOfPage":{"@id":"https:\/\/bajaessences.com\/wordpress\/index.php\/producto\/aceite-esencial-de-almendra-baja-essences\/#primaryimage"},"image":{"@id":"https:\/\/bajaessences.com\/wordpress\/index.php\/producto\/aceite-esencial-de-almendra-baja-essences\/#primaryimage"},"thumbnailUrl":"https:\/\/bajaessences.com\/wordpress\/wp-content\/uploads\/2025\/12\/Aceite-Esencial-de-Almendra-Baja-Essences.webp","datePublished":"2026-02-23T22:03:49+00:00","dateModified":"2026-02-23T22:03:50+00:00","description":"El Aceite Esencial de Almendra Baja Essences es humectante, suavizante y relajante, ayuda a la cicatrizaci\u00f3n y su aroma es muy elegante","breadcrumb":{"@id":"https:\/\/bajaessences.com\/wordpress\/index.php\/producto\/aceite-esencial-de-almendra-baja-essences\/#breadcrumb"},"inLanguage":"es","potentialAction":[{"@type":"ReadAction","target":["https:\/\/bajaessences.com\/wordpress\/index.php\/producto\/aceite-esencial-de-almendra-baja-essences\/"]}]},{"@type":"ImageObject","inLanguage":"es","@id":"https:\/\/bajaessences.com\/wordpress\/index.php\/producto\/aceite-esencial-de-almendra-baja-essences\/#primaryimage","url":"https:\/\/bajaessences.com\/wordpress\/wp-content\/uploads\/2025\/12\/Aceite-Esencial-de-Almendra-Baja-Essences.webp","contentUrl":"https:\/\/bajaessences.com\/wordpress\/wp-content\/uploads\/2025\/12\/Aceite-Esencial-de-Almendra-Baja-Essences.webp","width":1093,"height":1053,"caption":"aceite esencial de almendras baja essences"},{"@type":"BreadcrumbList","@id":"https:\/\/bajaessences.com\/wordpress\/index.php\/producto\/aceite-esencial-de-almendra-baja-essences\/#breadcrumb","itemListElement":[{"@type":"ListItem","position":1,"name":"Inicio","item":"https:\/\/bajaessences.com\/wordpress\/"},{"@type":"ListItem","position":2,"name":"Tienda en L\u00ednea","item":"https:\/\/bajaessences.com\/wordpress\/index.php\/baja-essences-aromaterapia-tienda-en-linea\/"},{"@type":"ListItem","position":3,"name":"Aceite Esencial de ALMENDRA Baja Essences"}]},{"@type":"WebSite","@id":"https:\/\/bajaessences.com\/wordpress\/#website","url":"https:\/\/bajaessences.com\/wordpress\/","name":"","description":"EXPERTOS EN AROMATERAPIA Y PRODUCTOS PARA SPA","potentialAction":[{"@type":"SearchAction","target":{"@type":"EntryPoint","urlTemplate":"https:\/\/bajaessences.com\/wordpress\/?s={search_term_string}"},"query-input":{"@type":"PropertyValueSpecification","valueRequired":true,"valueName":"search_term_string"}}],"inLanguage":"es"}]}},"jetpack_sharing_enabled":true,"_links":{"self":[{"href":"https:\/\/bajaessences.com\/wordpress\/index.php\/wp-json\/wp\/v2\/product\/390","targetHints":{"allow":["GET"]}}],"collection":[{"href":"https:\/\/bajaessences.com\/wordpress\/index.php\/wp-json\/wp\/v2\/product"}],"about":[{"href":"https:\/\/bajaessences.com\/wordpress\/index.php\/wp-json\/wp\/v2\/types\/product"}],"replies":[{"embeddable":true,"href":"https:\/\/bajaessences.com\/wordpress\/index.php\/wp-json\/wp\/v2\/comments?post=390"}],"wp:featuredmedia":[{"embeddable":true,"href":"https:\/\/bajaessences.com\/wordpress\/index.php\/wp-json\/wp\/v2\/media\/411"}],"wp:attachment":[{"href":"https:\/\/bajaessences.com\/wordpress\/index.php\/wp-json\/wp\/v2\/media?parent=390"}],"wp:term":[{"taxonomy":"product_brand","embeddable":true,"href":"https:\/\/bajaessences.com\/wordpress\/index.php\/wp-json\/wp\/v2\/product_brand?post=390"},{"taxonomy":"product_cat","embeddable":true,"href":"https:\/\/bajaessences.com\/wordpress\/index.php\/wp-json\/wp\/v2\/product_cat?post=390"},{"taxonomy":"product_tag","embeddable":true,"href":"https:\/\/bajaessences.com\/wordpress\/index.php\/wp-json\/wp\/v2\/product_tag?post=390"}],"curies":[{"name":"wp","href":"https:\/\/api.w.org\/{rel}","templated":true}]}}